 Let s be o(4). Suppose 0 = t + 6 - 8, -5*w = -3*t + 86. Is ((-1948)/w)/(3/s) composite?
False
Let x = 18589 + -32813. Let f = x - -9354. Is 1/((-5)/f*2) prime?
True
Let o = -147 + -707. Let a = o + 1667. Is a a prime number?
False
Let t = -33 + 41. Suppose t = 4*y - 2*p, 3*y + 14*p - 9*p = 6. Suppose 3*l + 5170 = 5*i, -4*i + y*l = 6*l - 4104. Is i composite?
False
Suppose 5*t - 10 = -5*a + 15, 0 = 2*t + 4*a - 12. Suppose t*i - 13*i = -36. Suppose i*c + 5*x = 5*c - 547, 3*x = -3*c + 1605. Is c prime?
False
Let i(s) = -s + 18. Let w be i(10). Let o be ((-459)/12)/((-3)/w). Let z = 199 - o. Is z prime?
True
Let p be -4*4/56 - 1445/(-35). Suppose 39661 = -24*t + p*t. Is t a composite number?
False
Suppose -4*l - 16 + 28 = 0. Suppose 3*x + 2*m - 2459 = 1948, -4*x - l*m = -5876. Is x composite?
True
Suppose b + 959640 = 5*c, -2*c - 14*b + 17*b = -383843. Is c prime?
True
Suppose 563*a - m - 2388644 = 560*a, -2*m + 1592448 = 2*a. Is a a composite number?
False
Suppose 0 = 60*t - 43*t - 449769. Is 1/(6 - 3)*t a prime number?
True
Suppose 2*p = 2*s - 184, 46*p + 272 = 3*s + 45*p. Suppose 115004 = s*h - 86*h. Is h a prime number?
True
Let x(d) = -d**2 + 5. Let v be x(5). Suppose 3*b + 2*w - 7*w - 3286 = 0, 2*w - 3293 = -3*b. Is b*(v/(-5) + -3) a composite number?
False
Suppose 5*a = -5*j + 2900, -4*a = -3*a - 3*j - 592. Let y = 340 + -98. Let i = a - y. Is i a composite number?
True
Is 26547/(-15)*(-67 - (-16 + 4)) prime?
False
Is -100983*(637/(-39) - -16) a prime number?
False
Suppose -116*w = 3773921 - 12157125. Is w prime?
True
Let a(w) = -658*w**3 + 7*w**2 + 71*w + 479. Is a(-7) a composite number?
True
Suppose 0 = -t - 4, -221*v - 91524 = -225*v + 4*t. Is v a composite number?
False
Suppose -231953 = -3*z - 2*i - 26999, 3*i = 5*z - 341590. Suppose 14*t - 33812 = z. Is t a composite number?
True
Let f(m) = 23*m - 23. Let z(l) = l - 4. Let r be z(4). Let y be (24/(-9) + r)/((-2)/3). Is f(y) a composite number?
True
Let n(v) = v**3 + 6*v**2 - 17*v - 6. Let x be n(-8). Is ((-5)/x + 3)/(2/12892) a prime number?
False
Let h be 2/(-4) + 52/8. Let k be ((-217)/(-651))/(((-1)/6)/1). Is 1*(-327)/h*k composite?
False
Suppose -80559 = -x + 5*u - 11203, 4*x + u = 277487. Is x a prime number?
True
Let z(a) = -86519*a + 244. Is z(-3) a composite number?
False
Suppose 5 = p + 2, -4*p = -2*z + 266978. Suppose 12407 = 6*o - z. Is o a composite number?
False
Is (88066 - (1 - 1)) + (30 - (-54 + 81)) a prime number?
True
Let r be (1935/(-3))/(3/9). Is (1 + r)*(-2)/4 a composite number?
False
Suppose -73067 = -5*j - 3*d + 99905, -3*j = -4*d - 103818. Is j a composite number?
True
Let v(i) = 306*i**2 - 14*i - 19. Let w(f) = -306*f**2 + 15*f + 19. Let g(x) = 3*v(x) + 2*w(x). Is g(-2) a prime number?
True
Suppose 100118 = -13*i - 56246. Let q = -4917 - i. Is q a composite number?
True
Suppose -j + 3*n + 20155 = 0, -2*j + 22447 + 17883 = 4*n. Is j a composite number?
False
Suppose 2*q - 4*q = -5*m - 35, -m + 5 = 2*q. Let w be 17/m - 7/(140/(-8)). Is ((-1)/(-2))/(w/(6*-631)) composite?
False
Suppose 0 = -2*c - 2*y + 49210, 0*y - 123060 = -5*c + 2*y. Suppose -32800 = -4*o + x + 3*x, 3*o - 5*x - c = 0. Suppose 3*z + o = 14*z. Is z prime?
False
Let c = 6 - -4. Suppose -5*t + 5*x = c, 2*t - 5*x + 10 = -0*t. Is ((-7572)/(-30))/(t + (-2)/(-5)) a prime number?
True
Let v(o) = 12*o**2 - 10*o + 9. Let b = -261 - -272. Is v(b) composite?
True
Let h = -148 + 19829. Is h a prime number?
True
Let i be 5 + (-140)/25 - (-36)/10. Suppose 5*v - i*v = 6666. Let o = v + -1626. Is o composite?
True
Suppose -36*s = 12607 - 288295. Suppose 0 = 2*p - 0 - 4. Suppose -k - s = -p*r + k, -5*r - 5*k = -19165. Is r a composite number?
True
Let u(s) = 2*s**2 - 2*s - 7. Let f be u(3). Suppose q + f*q = 3336. Suppose 4*o - q - 1032 = 0. Is o a composite number?
False
Let p = 117444 + -42608. Suppose 10*d - 5674 = p. Is d composite?
True
Suppose 0 = 4*b + 4438 + 3618. Let v = b - -4775. Is v a composite number?
True
Suppose -80*l + 7166452 + 11552668 = 0. Is l composite?
True
Let k(i) = -1786*i - 4849. Is k(-23) a composite number?
False
Suppose -8*j = -9040 + 416. Suppose 838 = m - j. Let s = 1611 + m. Is s composite?
False
Let m be -148*2/(-20) - (-3)/15. Let z(c) be the first derivative of -c**4/4 + 20*c**3/3 + 25*c**2/2 - 27*c - 26. Is z(m) prime?
False
Let t(z) = -24*z**3 + z**2 - 2*z - 2. Let j be t(2). Let h = 933 + j. Is h a prime number?
True
Suppose -14*m + 8*m = -126852. Suppose 0 = 14*q - 8692 - m. Let l = 4904 - q. Is l composite?
True
Suppose k - 9*k - 32 = 0. Let u be k/(-3)*(-9)/(-2). Let r(v) = 8*v**2 + 6*v + 17. Is r(u) prime?
False
Suppose 18*b = -4*p + 19*b + 321455, -6*p = -b - 482181. Is p composite?
False
Let g = 39 + -37. Suppose -4*k + 4014 = -g*k. Let s = k + -958. Is s prime?
True
Let d be (6/1)/((-18)/(-15)). Suppose 0 = -3*j - 0*y + 5*y + 3463, -d*y = 10. Is j prime?
True
Suppose 4*h - 789 - 511 = 0. Let y = 204 + -380. Let d = y + h. Is d composite?
False
Let b be (-2)/32 - (-5978920)/640. Suppose 2*d = -3*g + 5900, -b = -3*d - 3*g - 489. Is d composite?
False
Let r = 49188 - 33299. Is r a composite number?
False
Suppose 35*j + 181 - 146 = 0. Let d = 3 - 2. Is 850 + -22 - d/j composite?
False
Let x be 3/4*32/60*-15. Let d(c) = -649*c - 107. Is d(x) a prime number?
False
Let l(f) = 10 + 33 + 3 - 37 + 18 + 5*f. Let k(n) = -2*n + 2. Let q be k(-5). Is l(q) prime?
False
Let g = 4 + -2. Suppose -5*j = 5, -3*t + 18*j - 17*j + 10 = 0. Suppose -t*p - h = -4375, g*h + 1449 = p + 7*h. Is p a composite number?
False
Let w(c) = 770*c - 63. Let u be w(5). Let r = u - 2220. Is r composite?
False
Let s(j) = -613*j + 8. Suppose -17*p - 15 = -12*p. Is s(p) a prime number?
True
Let x(a) = -6*a**3 + 7*a**2 + 10*a + 2. Let k(l) = -l**3 + 23*l**2 - 42*l - 7. Let s be k(21). Is x(s) composite?
False
Let h be (-2)/1 + 2427*2. Suppose 16*f - 20*f = -h. Is f prime?
True
Let t(d) = -3*d - 3. Let y be t(1). Let g be (2 - 0) + 0 + (-18)/y. Suppose 5*u = -4*w + 2057, 2*u + 2*u = g*w + 1662. Is u a prime number?
False
Suppose c - 3*j + 7 = 6*c, -c + 4*j - 17 = 0. Is (19 - 20)/(c/6803) composite?
False
Let w(c) = 19*c + 32*c + 82*c**2 + 35 - 37*c. Is w(-8) composite?
False
Let x(y) = -1054*y - 160. Let p(m) = 351*m + 52. Let h(b) = -17*p(b) - 6*x(b). Is h(43) prime?
True
Is ((-187)/(-34))/(16/72 + (-7414)/33444) composite?
True
Let z = -49 + 45. Is 10/40*-11442*z/6 a composite number?
False
Let r(g) be the third derivative of -g**4/8 - 2*g**3 - 17*g**2. Let a be r(-3). Let c(j) = j**3 + 3*j**2 - 3*j + 4. Is c(a) prime?
True
Let v = 30948 + -3409. Is v composite?
False
Let b(l) = l**3 + 6*l**2 - l - 3. Let w be b(-5). Suppose 8*p = 21 + w. Suppose q = p*q - 815. Is q a prime number?
True
Is 991071*(-10)/(-30)*(0 + (-3)/(-9)) a composite number?
False
Let h(o) be the first derivative of 479*o**5/60 - 13*o**4/24 - 28*o**3/3 - 7. Let k(d) be the third derivative of h(d). Is k(5) prime?
False
Suppose -2*d - 24160 = -2*t, 0 = -11*t + 7*t + 5*d + 48315. Let j = t - 8138. Is j composite?
False
Let j(s) = 2*s**3 + 23*s**2 + 11*s + 4. Let c be j(-11). Suppose -n + 1 = -c. Suppose 3*a = 4*u - 656, -n*u + 789 = 5*a - a. Is u a prime number?
False
Let o = 335 + -324. Suppose -30*b = -o*b - 614593. Is b a prime number?
False
Let o be 30/8 - 4 - 281/(-4). Let h = -9 + 22. Let u = o - h. Is u prime?
False
Suppose -94303849 = -230*c + 266451841. Is c a prime number?
True
Let y = -90 - -110. Suppose -y*m = -32*m + 70908. Is m prime?
False
Let p(r) = 29319*r + 917. Is p(18) composite?
False
Let i(w) = 5959*w - 1509. Is i(5) composite?
True
Let u = 175 - 212. Let w(t) = -9*t + 76. Is w(u) a prime number?
True
Suppose -3*s - 142 = -253. Suppose 0 = -35*z + s*z - 7102. Is z prime?
False
Suppose -8*p + 13*p = 40. Suppose -p*y + 7707 = -5*y. Is 1/(0/(-1) + 7/y) composite?
False
Let i(y) = 15915*y**2 + 79*y + 81. Is i(-1) composite?
True
Suppose -2653239 = -32*v + 2115241. Is v a composite number?
True
Let b(u) = 3*u - 31. Let i be b(11). Is (i - 1)*(-3)/(-6)*1174 prime?
True
Is (-8)/(-12)*(-81)/216 - (-112650)/8 a prime number?
True
Suppose 5*w + 5*x - 1186310 = 0, -474527 = -31*w + 29*w - 5*x. Is w composite?
True
Let j = -143 + 141. Is (-5)/2 + 3/j - -3987 a composite number?
True
Suppose 0 = -d - 3, 5*o + 27*d = 26*d + 643